e
Does 15 divide 5151007?
False
Does 2485 divide 97560229?
False
Does 673 divide 9109728?
True
Does 5 divide 1041102682?
False
Does 306 divide 2601084762?
True
Is 2 a factor of 38785174?
True
Is 126 a factor of 2505404827?
False
Is 27 a factor of 119241742?
False
Does 30 divide 72087820?
False
Does 205 divide 159488169?
False
Is 16 a factor of 70899061?
False
Is 58108792 a multiple of 2700?
False
Is 1093270212 a multiple of 57?
False
Is 135700437 a multiple of 2918?
False
Does 133 divide 81699487?
False
Is 150840794 a multiple of 179?
True
Does 1135 divide 149185535?
True
Is 42281744 a multiple of 302?
False
Does 122 divide 384184181?
False
Does 109 divide 247709803?
True
Is 2431284646 a multiple of 96?
False
Is 15 a factor of 4182748395?
True
Is 46951737 a multiple of 291?
False
Is 55481959 a multiple of 1282?
False
Is 4130603098 a multiple of 1014?
False
Is 863620080 a multiple of 872?
True
Is 30873160 a multiple of 109?
True
Is 423 a factor of 26825391?
True
Is 23608798 a multiple of 38?
False
Does 975 divide 465728849?
False
Does 232 divide 19365677?
False
Does 330 divide 1835519730?
True
Is 61959384 a multiple of 1896?
True
Is 7039602 a multiple of 407?
False
Is 93 a factor of 1156455?
True
Does 50 divide 16957572?
False
Is 36547560 a multiple of 45?
True
Is 23 a factor of 234907073?
True
Is 10595504 a multiple of 388?
True
Does 2023 divide 115677163?
True
Is 3344134080 a multiple of 6106?
True
Is 1863653760 a multiple of 342?
True
Is 479710199 a multiple of 62?
False
Is 13 a factor of 272053726?
False
Does 186 divide 328363656?
True
Is 213759456 a multiple of 4314?
False
Does 1833 divide 8184345?
True
Is 25988860 a multiple of 40?
False
Is 44934770 a multiple of 1494?
False
Is 31 a factor of 204663840?
False
Is 145726357 a multiple of 239?
False
Is 296641 a multiple of 29?
True
Is 2388 a factor of 329486688?
True
Is 13 a factor of 93031557?
False
Is 927 a factor of 113323896?
True
Is 117 a factor of 574832934?
True
Is 6 a factor of 1024560652?
False
Does 921 divide 25590906?
True
Does 3 divide 4205411?
False
Does 4363 divide 3814828317?
True
Is 884 a factor of 323514828?
True
Is 82143412 a multiple of 26?
True
Does 928 divide 32712000?
True
Is 725648386 a multiple of 941?
True
Does 194 divide 8688896?
False
Is 46426849 a multiple of 111?
False
Does 309 divide 138547938?
False
Is 2390703688 a multiple of 3218?
True
Is 1526 a factor of 39697364?
True
Is 72901480 a multiple of 3140?
False
Is 3201 a factor of 473287056?
True
Is 49 a factor of 16085181?
True
Does 744 divide 315232056?
True
Is 243919914 a multiple of 190?
False
Is 245748722 a multiple of 9?
False
Is 631448714 a multiple of 86?
False
Is 4117358938 a multiple of 88?
False
Does 1614 divide 204547793?
False
Does 4 divide 78159876?
True
Is 87 a factor of 43500910?
False
Is 10 a factor of 644979237?
False
Does 184 divide 233374192?
True
Does 95 divide 11696116?
False
Does 92 divide 1441554057?
False
Is 277 a factor of 93123788?
False
Does 12 divide 83289300?
True
Is 596295762 a multiple of 702?
False
Is 13 a factor of 46290754?
False
Does 1205 divide 395903028?
False
Does 985 divide 6892987?
False
Does 9 divide 918689187?
False
Does 2028 divide 19841952?
True
Does 18 divide 20953433?
False
Is 1792496142 a multiple of 424?
False
Is 746 a factor of 153503674?
True
Is 634 a factor of 228441612?
True
Is 60681302 a multiple of 601?
False
Is 3151376 a multiple of 6?
False
Does 8 divide 78302306?
False
Is 2593131280 a multiple of 580?
True
Is 1395677755 a multiple of 56?
False
Is 7564039 a multiple of 277?
True
Is 45905235 a multiple of 285?
True
Does 55 divide 860701336?
False
Does 22 divide 28119806?
True
Is 26 a factor of 24773002?
False
Is 154424088 a multiple of 63?
True
Does 314 divide 11746112?
True
Does 2 divide 23734351?
False
Is 510 a factor of 625312555?
False
Is 537842200 a multiple of 159?
False
Is 1045497321 a multiple of 4509?
True
Is 34 a factor of 83415634?
True
Is 77769379 a multiple of 8?
False
Is 16 a factor of 4368206?
False
Is 123 a factor of 708190729?
False
Does 599 divide 134323953?
True
Does 16 divide 2692295216?
True
Does 66 divide 490963308?
True
Does 1695 divide 312463080?
True
Does 205 divide 12669791?
False
Does 101 divide 29867619?
True
Is 22791311 a multiple of 21?
False
Does 119 divide 4284067039?
False
Is 567696346 a multiple of 210?
False
Is 19930368 a multiple of 96?
True
Is 3443 a factor of 17572775?
False
Is 449738060 a multiple of 68?
True
Is 982 a factor of 3053437408?
False
Is 244 a factor of 1216584?
True
Does 314 divide 81035169?
False
Is 752 a factor of 44983888?
True
Does 484 divide 13721198?
False
Is 15966689 a multiple of 61?
True
Is 1583737568 a multiple of 56?
True
Is 95 a factor of 3790775500?
True
Does 69 divide 32237007?
True
Does 16 divide 81643442?
False
Is 121 a factor of 143262105?
False
Is 10 a factor of 4699800?
True
Is 885005966 a multiple of 54?
False
Is 415552473 a multiple of 2181?
True
Is 856443805 a multiple of 5663?
True
Does 8 divide 1273220?
False
Is 39284184 a multiple of 46?
True
Is 986989320 a multiple of 31?
False
Is 69607846 a multiple of 3586?
True
Does 1335 divide 176834100?
True
Does 275 divide 79063495?
False
Is 23 a factor of 1148388758?
True
Is 394617093 a multiple of 39?
True
Is 554317024 a multiple of 788?
True
Is 2390878199 a multiple of 2106?
False
Is 121 a factor of 51650475?
False
Does 822 divide 16971012?
True
Is 145723632 a multiple of 366?
True
Is 770 a factor of 17247230?
True
Does 179 divide 715399?
False
Is 2340871 a multiple of 1141?
False
Is 82 a factor of 183141424?
True
Is 705526612 a multiple of 14?
True
Does 369 divide 26987972?
False
Does 4041 divide 660335769?
True
Is 364998727 a multiple of 4132?
False
Is 3449433438 a multiple of 18986?
True
Is 245 a factor of 162496250?
True
Does 24 divide 1057877184?
True
Does 47 divide 63602374?
True
Is 110130713 a multiple of 23?
False
Does 1594 divide 4683691644?
True
Is 59774656 a multiple of 32?
True
Is 17643679 a multiple of 14?
False
Is 8500653 a multiple of 189?
True
Does 311 divide 46800635?
False
Is 39261580 a multiple of 1286?
True
Is 7498 a factor of 2300057417?
False
Does 40 divide 1331647760?
True
Is 3460 a factor of 47869100?
True
Is 107 a factor of 8827614?
False
Does 14 divide 206255772?
False
Is 130 a factor of 45340295?
False
Does 39 divide 207648636?
True
Is 2419336 a multiple of 5?
False
Does 308 divide 1474995984?
True
Is 24 a factor of 12564714?
False
Does 23 divide 2675314483?
True
Does 1714 divide 169158088?
True
Is 526309568 a multiple of 496?
True
Is 174525798 a multiple of 15?
False
Is 647424536 a multiple of 14?
False
Does 308 divide 915969702?
False
Does 161 divide 112890371?
False
Is 20 a factor of 37049240?
True
Does 6244 divide 367883992?
True
Is 180076442 a multiple of 926?
True
Does 217 divide 18974697?
True
Does 114 divide 437119351?
False
Is 9772098 a multiple of 505?
False
Is 982236654 a multiple of 133?
True
Is 657926044 a multiple of 5368?
False
Does 183 divide 24429635?
False
Does 619 divide 210416670?
True
Is 57299475 a multiple of 88?
False
Is 574062244 a multiple of 161?
True
Does 15 divide 965817881?
False
Does 459 divide 1447129692?
True
Is 561 a factor of 128045445?
True
Is 13 a factor of 20996859?
True
Does 355 divide 33712754?
False
Is 7 a factor of 7362880?
True
Does 36 divide 72702365?
False
Does 689 divide 240531470?
False
Does 895 divide 133325465?
True
Does 15 divide 7831485036?
False
Is 1420292080 a multiple of 4?
True
Is 23884563 a multiple of 2?
False
Is 447512 a multiple of 52?
True
Does 15 divide 1891943280?
True
Is 48 a factor of 220305264?
True
Is 170918645 a multiple of 149?
True
Is 18945159 a multiple of 297?
False
Does 1794 divide 2298492748?
False
Does 11212 divide 3867624248?
True
Does 59 divide 51813616?
False
Does 11 divide 49684965?
True
Does 373 divide 1139906907?
False
Does 51 divide 378236431?
False
Does 147 divide 592745247?
False
Does 10 divide 1671705110?
True
Is 35521316 a multiple of 142?
False
Does 96 divide 1421897984?
False
Does 1042 divide 774532?
False
Is 1954090580 a multiple of 2921?
True
Does 6296 divide 639906552?
True
Is 951557152 a multiple of 56?
True
Is 1563382585 a multiple of 18?
False
Is 547689940 a multiple of 10?
True
Is 4121 a factor of 329025447?
False
Is 